{"id":20888,"date":"2021-01-21T19:31:41","date_gmt":"2021-01-21T19:31:41","guid":{"rendered":"http:\/\/www.4texel.sk\/?page_id=20888"},"modified":"2021-01-21T19:31:42","modified_gmt":"2021-01-21T19:31:42","slug":"ochrana-osobnych-udajov","status":"publish","type":"page","link":"https:\/\/www.4texel.sk\/?page_id=20888","title":{"rendered":"Ochrana osobn\u00fdch \u00fadajov"},"content":{"rendered":"<p>[et_pb_section fb_built=&#8220;1&#8243; custom_padding_last_edited=&#8220;on|desktop&#8220; next_background_color=&#8220;#ffffff&#8220; admin_label=&#8220;Header&#8220; _builder_version=&#8220;4.8.1&#8243; use_background_color_gradient=&#8220;on&#8220; background_color_gradient_start=&#8220;#8624E1&#8243; background_color_gradient_end=&#8220;#3607A6&#8243; background_color_gradient_direction=&#8220;130deg&#8220; background_color_gradient_start_position=&#8220;25%&#8220; background_image=&#8220;http:\/\/www.4texel.sk\/wp-content\/uploads\/marketing-bg6.png&#8220; parallax=&#8220;on&#8220; min_height=&#8220;300px&#8220; custom_padding=&#8220;4vw||4vw||false|false&#8220; custom_padding_tablet=&#8220;100px||100px||true&#8220; custom_padding_phone=&#8220;||||true&#8220; bottom_divider_style=&#8220;ramp2&#8243; bottom_divider_height=&#8220;150px&#8220; bottom_divider_flip=&#8220;horizontal&#8220; bottom_divider_height_tablet=&#8220;150px&#8220; bottom_divider_height_phone=&#8220;110px&#8220; bottom_divider_height_last_edited=&#8220;on|phone&#8220; saved_tabs=&#8220;all&#8220;][et_pb_row _builder_version=&#8220;3.25&#8243;][et_pb_column type=&#8220;4_4&#8243; _builder_version=&#8220;3.25&#8243; custom_padding=&#8220;|||&#8220; custom_padding__hover=&#8220;|||&#8220;][et_pb_text _builder_version=&#8220;4.8.1&#8243; text_font=&#8220;Roboto||||||||&#8220; text_font_size=&#8220;16px&#8220; text_line_height=&#8220;1.8em&#8220; header_font=&#8220;Roboto|700|||||||&#8220; header_text_align=&#8220;center&#8220; header_font_size=&#8220;70px&#8220; header_line_height=&#8220;1.2em&#8220; header_3_font=&#8220;Roboto|700||on|||||&#8220; header_3_text_align=&#8220;center&#8220; header_3_text_color=&#8220;#ffffff&#8220; header_3_font_size=&#8220;24px&#8220; header_3_letter_spacing=&#8220;10px&#8220; header_3_line_height=&#8220;2em&#8220; text_orientation=&#8220;center&#8220; background_layout=&#8220;dark&#8220; module_alignment=&#8220;center&#8220; text_font_size_last_edited=&#8220;off|desktop&#8220; header_font_size_tablet=&#8220;40px&#8220; header_font_size_phone=&#8220;32px&#8220; header_font_size_last_edited=&#8220;on|phone&#8220; header_3_font_size_tablet=&#8220;16px&#8220; header_3_font_size_phone=&#8220;14px&#8220; header_3_font_size_last_edited=&#8220;on|phone&#8220; header_3_letter_spacing_tablet=&#8220;5px&#8220; header_3_letter_spacing_phone=&#8220;&#8220; header_3_letter_spacing_last_edited=&#8220;on|tablet&#8220;]<\/p>\n<h1>Ochrana osobn\u00fdch \u00fadajov<\/h1>\n<p>[\/et_pb_text][\/et_pb_column][\/et_pb_row][\/et_pb_section][et_pb_section fb_built=&#8220;1&#8243; custom_padding_last_edited=&#8220;off|desktop&#8220; admin_label=&#8220;About&#8220; _builder_version=&#8220;3.22&#8243; custom_padding=&#8220;6px|||||&#8220; custom_padding_tablet=&#8220;0px|||&#8220; custom_padding_phone=&#8220;0px|||&#8220; border_radii=&#8220;on|10px|10px|10px|10px&#8220; saved_tabs=&#8220;all&#8220;][et_pb_row _builder_version=&#8220;4.8.1&#8243; width=&#8220;100%&#8220; locked=&#8220;off&#8220;][et_pb_column type=&#8220;4_4&#8243; _builder_version=&#8220;4.8.1&#8243; custom_padding=&#8220;|||&#8220; custom_padding__hover=&#8220;|||&#8220;][et_pb_text _builder_version=&#8220;4.8.1&#8243; text_font=&#8220;||||||||&#8220; text_font_size=&#8220;16px&#8220; text_line_height=&#8220;2em&#8220; ul_font=&#8220;||||||||&#8220; header_font=&#8220;||||||||&#8220; header_2_font=&#8220;Roboto|700|||||||&#8220; header_2_text_color=&#8220;#8300E9&#8243; header_2_font_size=&#8220;30px&#8220; header_2_line_height=&#8220;1.2em&#8220; header_3_font=&#8220;||||||||&#8220; max_width=&#8220;880px&#8220; max_width_last_edited=&#8220;off|desktop&#8220; module_alignment=&#8220;center&#8220; custom_margin=&#8220;|||&#8220; custom_padding=&#8220;|||&#8220; header_2_font_size_tablet=&#8220;35px&#8220; header_2_font_size_phone=&#8220;28px&#8220; header_2_font_size_last_edited=&#8220;on|phone&#8220;]<\/p>\n<div><strong>I. Z\u00c1KLADN\u00c9 USTANOVENIA<\/strong><strong><br \/><\/strong><\/div>\n<p>&nbsp;<\/p>\n<div>1. Spr\u00e1vcom osobn\u00fdch \u00fadajov pod\u013ea \u010dl. 4 bod 7 nariadenia Eur\u00f3pskeho parlamentu a Rady (EU) 2016\/679 o ochrane fyzick\u00fdch os\u00f4b v s\u00favislosti so spracovan\u00edm osobn\u00fdch \u00fadajov a o vo\u013enom pohybe t\u00fdchto \u00fadajov (\u010falej len: \u201eGDPR\u201d) je 4 texel, s.r.o., I\u010cO:\u00a044425694 so s\u00eddlom M.R.\u0160tef\u00e1nika 3709\/28, 075 01 Trebi\u0161ov, Slovensk\u00e1 republika. (\u010falej len: \u201espr\u00e1vca\u201c).<\/div>\n<div><\/div>\n<p>&nbsp;<\/p>\n<div>2. Kontaktn\u00e9 \u00fadaje spr\u00e1vcu s\u00fa:<\/div>\n<div><\/div>\n<p>&nbsp;<\/p>\n<div>adresa: ulica M.R.\u0160tef\u00e1nika 3709\/28, 075 01 Trebi\u0161ov, SR<\/div>\n<div>prev\u00e1dzka: ulica Hlavn\u00e1 501, 094 14 Se\u010dovsk\u00e1 Polianka, SR<\/div>\n<div>email:<span>\u00a0<\/span><a href=\"mailto:4texel@4texel.sk\">4texel@4texel.sk<\/a><\/div>\n<div>telef\u00f3n: +421 (0) 948 008 664<\/div>\n<div>web:<span>\u00a0<\/span><a href=\"http:\/\/www.4texel.sk\/\">www.4texel.sk<\/a><\/div>\n<div><\/div>\n<p>&nbsp;<\/p>\n<div>3. Osobn\u00fdmi \u00fadajmi sa rozumej\u00fa v\u0161etky inform\u00e1cie o identifikovanej alebo identifikovate\u013enej fyzickej osobe; identifikovate\u013enou fyzickou osobou je fyzick\u00e1 osoba, ktor\u00fa je mo\u017en\u00e9 priamo alebo nepriamo identifikova\u0165, hlavne odkazom na ur\u010dit\u00fd identifik\u00e1tor, napr\u00edklad meno, I\u010cO, lokaliza\u010dn\u00e9 \u00fadaje, sie\u0165ov\u00fd identifik\u00e1tor alebo na jeden \u010di viac zvl\u00e1\u0161tnych prvkov fyzickej, fyziologickej, genetickej, psychickej, ekonomickej, kult\u00farnej alebo spolo\u010denskej identity tejto fyzickej osoby.<\/div>\n<div><\/div>\n<p>&nbsp;<\/p>\n<div>4. Spr\u00e1vca nevymenoval poverenca pre ochranu osobn\u00fdch \u00fadajov.<\/div>\n<div><\/div>\n<p>&nbsp;<\/p>\n<div><strong>II. ZDROJE A KATEG\u00d3RIE SPRACOV\u00c1VAN\u00ddCH OSOBN\u00ddCH \u00daDAJOV<\/strong><strong><br \/><\/strong><\/div>\n<p>&nbsp;<\/p>\n<div><\/div>\n<div>1. Spr\u00e1vca spracov\u00e1va osobn\u00e9 \u00fadaje, ktor\u00e9 ste mu poskytol\/tla alebo osobn\u00e9 \u00fadaje, ktor\u00e9 spr\u00e1vca z\u00edskal na z\u00e1klade plnenia Va\u0161ej objedn\u00e1vky.<\/div>\n<div><\/div>\n<div>2. Spr\u00e1vca spracov\u00e1va Va\u0161e identifika\u010dn\u00e9 a kontaktn\u00e9 \u00fadaje a \u00fadaje nevyhnutn\u00e9 pre plnenie zmluvy.<\/div>\n<div><\/div>\n<div><\/div>\n<p>&nbsp;<\/p>\n<div><strong>III. Z\u00c1KONN\u00dd D\u00d4VOD A \u00da\u010cEL SPRACOVANIA OSOBN\u00ddCH \u00daDAJOV<\/strong><strong><br \/><\/strong><\/div>\n<p>&nbsp;<\/p>\n<div><\/div>\n<div>1. Z\u00e1konn\u00fdm d\u00f4vodom spracovania osobn\u00fdch \u00fadajov je<\/div>\n<div>\u2022 plnenie zmluvy medzi Vami a spr\u00e1vcom pod\u013ea \u010dl. 6 odst. 1 p\u00edsm. b) GDPR,<\/div>\n<div>\u2022 opr\u00e1vnen\u00fd z\u00e1ujem spr\u00e1vcu na poskytovan\u00ed priameho marketingu (najm\u00e4 pre zasielanie obchodn\u00fdch ozn\u00e1men\u00ed a newsletterov) pod\u013ea \u010dl. 6 odst. 1 p\u00edsm. f) GDPR,<\/div>\n<div>\u2022 V\u00e1\u0161 s\u00fahlas so spracovan\u00edm pre \u00fa\u010dely poskytovania priameho marketingu (najm\u00e4 pre zasielanie obchodn\u00fdch ozn\u00e1men\u00ed a newsletterov na\u0161ej spolo\u010dnosti) pod\u013ea \u010dl. 6 odst. 1 p\u00edsm. a) GDPR v pr\u00edpade, \u017ee nedo\u0161lo k objedn\u00e1vke tovaru alebo slu\u017eby.<\/div>\n<div><\/div>\n<p>&nbsp;<\/p>\n<div>2. \u00da\u010delom spracovania osobn\u00fdch \u00fadajov je<\/div>\n<div>\u2022 vybavenie Va\u0161ej objedn\u00e1vky a v\u00fdkon pr\u00e1v a povinnost\u00ed vypl\u00fdvaj\u00facich zo zmluvn\u00e9ho vz\u0165ahu medzi Vami a spr\u00e1vcom; pri objedn\u00e1vke s\u00fa vy\u017eadovan\u00e9 osobn\u00e9 \u00fadaje, ktor\u00e9 s\u00fa nutn\u00e9 pre \u00faspe\u0161n\u00e9 vybavenie objedn\u00e1vky (meno a adresa, kontakt), poskytnutie osobn\u00fdch \u00fadajov je nevyhnutn\u00e9 pre uzatvorenie a plnenie zmluvy, bez poskytnutia osobn\u00fdch \u00fadajov nie je mo\u017en\u00e9 zmluvu uzatvori\u0165 \u010di ju zo strany spr\u00e1vcu plni\u0165,<\/div>\n<div>\u2022 zasielanie obchodn\u00fdch ozn\u00e1men\u00ed a vykon\u00e1vanie \u010fal\u0161\u00edch marketingov\u00fdch aktiv\u00edt.<\/div>\n<div><\/div>\n<div>3. Zo strany spr\u00e1vcu nedoch\u00e1dza k automatick\u00e9mu individu\u00e1lnemu rozhodovaniu v zmysle \u010dl. 22 GDPR.<\/div>\n<div><\/div>\n<div><\/div>\n<p>&nbsp;<\/p>\n<div><strong>IV. DOBA UCHOV\u00c1VANIA \u00daDAJOV<\/strong><strong><br \/><\/strong><\/div>\n<p>&nbsp;<\/p>\n<div><\/div>\n<div>1. Spr\u00e1vca uchov\u00e1va osobn\u00e9 \u00fadaje<\/div>\n<div>\u2022 po dobu nevyhnutn\u00fa k v\u00fdkonu pr\u00e1v a povinnost\u00ed vypl\u00fdvaj\u00facich zo zmluvn\u00e9ho vz\u0165ahu medzi Vami a spr\u00e1vcom a uplat\u0148ovanie n\u00e1rokov z t\u00fdchto zmluvn\u00fdch vz\u0165ahov (po\u010das 10tich rokov od ukon\u010denia zmluvn\u00e9ho vz\u0165ahu).<\/div>\n<div>\u2022 po dobu, k\u00fdm je odvolan\u00fd s\u00fahlas so spracovan\u00edm osobn\u00fdch \u00fadajov pre \u00fa\u010dely marketingu, najdlh\u0161ie 10 rokov pokia\u013e s\u00fa osobn\u00e9 \u00fadaje spracov\u00e1van\u00e9 na z\u00e1klade s\u00fahlasu.<\/div>\n<div><\/div>\n<div>2. Po uplynut\u00ed doby uchov\u00e1vania osobn\u00fdch \u00fadajov spr\u00e1vca osobn\u00e9 \u00fadaje vyma\u017ee.<\/div>\n<div><\/div>\n<div><\/div>\n<p>&nbsp;<\/p>\n<div><strong>V. PR\u00cdJEMCOVIA OSOBN\u00ddCH \u00daDAJOV (SUBDOD\u00c1VATELIA SPR\u00c1VCU, SPRACOVATELIA)<\/strong><strong><br \/><\/strong><\/div>\n<p>&nbsp;<\/p>\n<div><\/div>\n<div>1. Pr\u00edjemcovia osobn\u00fdch \u00fadajov s\u00fa osoby<\/div>\n<div>\u2022 podie\u013eaj\u00face sa na dodan\u00ed tovaru \/ slu\u017eieb \/ realiz\u00e1ciu platieb na z\u00e1klade zmluvy \u2013 Slovak Parcel Service s.r.o.,<\/div>\n<div>\u2022 \u00fa\u010dtovnej kancel\u00e1rie: Anna Moroskov\u00e1, I\u010cO: 34877410<\/div>\n<div><\/div>\n<div><\/div>\n<div>2. Spr\u00e1vca nem\u00e1 v \u00famysle poskytova\u0165 osobn\u00e9 \u00fadaje do tret\u00edch kraj\u00edn (do kraj\u00edn mimo E\u00da) alebo do medzin\u00e1rodn\u00fdch organiz\u00e1ci\u00ed.<\/div>\n<div><\/div>\n<div><\/div>\n<p>&nbsp;<\/p>\n<div><strong>VI. VA\u0160E PR\u00c1VA<\/strong><strong><br \/><\/strong><\/div>\n<p>&nbsp;<\/p>\n<div><\/div>\n<div>1. Za podmienok stanoven\u00fdch v GDPR m\u00e1te<\/div>\n<div>\u2022 pr\u00e1vo na pr\u00edstup ku svojim osobn\u00fdm \u00fadajom pod\u013ea \u010dl. 15 GDPR,<\/div>\n<div>\u2022 pr\u00e1vo na opravu osobn\u00fdch \u00fadajov pod\u013ea \u010dl. 16 GDPR, pr\u00edpadne na obmedzenie spracovania pod\u013ea \u010dl. 18 GDPR,<\/div>\n<div>\u2022 pr\u00e1vo na vymazanie osobn\u00fdch \u00fadajov pod\u013ea \u010dl. 17 GDPR,<\/div>\n<div>\u2022 pr\u00e1vo vznies\u0165 n\u00e1mietku proti spracovaniu pod\u013ea \u010dl. 21 GDPR,<\/div>\n<div>\u2022 pr\u00e1vo na prenosite\u013enos\u0165 \u00fadajov pod\u013ea \u010dl. 20 GDPR.<\/div>\n<div>\u2022 pr\u00e1vo odvola\u0165 s\u00fahlas so spracovan\u00edm p\u00edsomne alebo elektronicky na adresu alebo email spr\u00e1vcu uveden\u00fd v \u010dl. I t\u00fdchto podmienok.<\/div>\n<div><\/div>\n<div>2. \u010ealej m\u00e1te pr\u00e1vo poda\u0165 s\u0165a\u017enos\u0165 v \u00darade na ochranu osobn\u00fdch \u00fadajov Slovenskej republiky v pr\u00edpade, \u017ee sa domnievate, \u017ee bolo poru\u0161en\u00e9 Va\u0161e pr\u00e1vo na ochranu osobn\u00fdch \u00fadajov.<\/div>\n<div><\/div>\n<div><\/div>\n<p>&nbsp;<\/p>\n<div><strong>VII. PODMIENKY ZABEZPE\u010cENIA OSOBN\u00ddCH \u00daDAJOV<\/strong><strong><br \/><\/strong><\/div>\n<p>&nbsp;<\/p>\n<div><\/div>\n<div>1. Spr\u00e1vca prehlasuje, \u017ee prijal v\u0161etky vhodn\u00e9 technick\u00e9 a organiza\u010dn\u00e9 opatrenia k zabezpe\u010deniu osobn\u00fdch \u00fadajov.<\/div>\n<div><\/div>\n<div>2. Spr\u00e1vca prijal technick\u00e9 opatrenia k zabezpe\u010deniu d\u00e1tov\u00fdch \u00falo\u017e\u00edsk a \u00falo\u017e\u00edsk osobn\u00fdch \u00fadajov v listinnej podobe, hlavne antiv\u00edrusov\u00fdm softv\u00e9rom poskytuj\u00facim ochranu pred malv\u00e9rom, antiv\u00edrusov\u00fdm softv\u00e9rom poskytuj\u00facim ochranu e-mailov a prehliada\u010dov, sie\u0165ou, ktor\u00e1 je chr\u00e1nen\u00e1 br\u00e1nou firewall, sie\u0165ou Wi-Fi chr\u00e1nenou heslom, privilegovan\u00fdmi kontami, ktor\u00e9 sa nevyu\u017e\u00edvaj\u00fa na ka\u017edodenn\u00e9 \u00falohy, pr\u00edstup k citliv\u00fdm alebo osobn\u00fdm \u00fadajom je riaden\u00fd a obmedzen\u00fd iba na osoby, ktor\u00e9 pr\u00edstup k nim potrebuj\u00fa, uzamykan\u00edm priestorov, aby nedoch\u00e1dzalo k vstupu neopr\u00e1vnen\u00fdch os\u00f4b.<\/div>\n<div><\/div>\n<div>3. Spr\u00e1vca prehlasuje, \u017ee k osobn\u00fdm \u00fadajom maj\u00fa pr\u00edstup len nim poveren\u00e9 osoby.<\/div>\n<div><\/div>\n<div><\/div>\n<p>&nbsp;<\/p>\n<div><strong>VIII. PREHL\u00c1SENIA PREV\u00c1DZKOVATE\u013dA INTERNETOVEJ STR\u00c1NKY<\/strong><strong><br \/><\/strong><\/div>\n<p>&nbsp;<\/p>\n<div><\/div>\n<div>1. Prehlasujeme, \u017ee so spolo\u010dnos\u0165ou Google Inc. \u2013 Google Analytics zdie\u013eame len v\u0161eobecn\u00e9 \u0161tatistick\u00e9 \u00fadaje.<\/div>\n<div><\/div>\n<div><\/div>\n<div><\/div>\n<p>&nbsp;<\/p>\n<div><strong>IX. Z\u00c1VERE\u010cN\u00c9 USTANOVENIA<\/strong><strong><br \/><\/strong><\/div>\n<p>&nbsp;<\/p>\n<div><\/div>\n<p>&nbsp;<\/p>\n<div><\/div>\n<div>1. Spr\u00e1vca je opr\u00e1vnen\u00fd tieto podmienky zmeni\u0165. Nov\u00fa verziu podmienok ochrany osobn\u00fdch \u00fadajov zverejn\u00ed na svojich internetov\u00fdch str\u00e1nkach a z\u00e1rove\u0148 V\u00e1m za\u0161le nov\u00fa verziu t\u00fdchto podmienok na Va\u0161u e-mailov\u00fa adresu, ktor\u00fa ste spr\u00e1vcovi poskytol\/a.<\/div>\n<div><\/div>\n<div>\n<p>&nbsp;<\/p>\n<p>&nbsp;<\/p>\n<p>Tieto podmienky nadob\u00fadaj\u00fa \u00fa\u010dinnos\u0165 d\u0148om 25.5.2018.<\/p>\n<\/div>\n<p>[\/et_pb_text][\/et_pb_column][\/et_pb_row][\/et_pb_section][et_pb_section fb_built=&#8220;1&#8243; custom_padding_last_edited=&#8220;on|desktop&#8220; prev_background_color=&#8220;#ffffff&#8220; admin_label=&#8220;Footer&#8220; _builder_version=&#8220;3.22&#8243; use_background_color_gradient=&#8220;on&#8220; background_color_gradient_start=&#8220;#8624E1&#8243; background_color_gradient_end=&#8220;#3607A6&#8243; background_color_gradient_direction=&#8220;130deg&#8220; background_color_gradient_start_position=&#8220;25%&#8220; background_image=&#8220;http:\/\/www.4texel.sk\/wp-content\/uploads\/marketing-bg6.png&#8220; parallax=&#8220;on&#8220; custom_padding=&#8220;10vw||7vw||false|false&#8220; custom_padding_tablet=&#8220;100px||100px||true&#8220; custom_padding_phone=&#8220;||||true&#8220; top_divider_style=&#8220;ramp2&#8243; top_divider_height=&#8220;250px&#8220; top_divider_flip=&#8220;vertical&#8220; top_divider_height_tablet=&#8220;150px&#8220; top_divider_height_phone=&#8220;110px&#8220; top_divider_height_last_edited=&#8220;on|phone&#8220; saved_tabs=&#8220;all&#8220;][et_pb_row _builder_version=&#8220;3.25&#8243; max_width=&#8220;1440px&#8220; custom_margin=&#8220;|||&#8220; custom_padding=&#8220;0px|||&#8220; use_custom_width=&#8220;on&#8220; custom_width_px=&#8220;1440px&#8220;][et_pb_column type=&#8220;4_4&#8243; _builder_version=&#8220;3.25&#8243; custom_padding=&#8220;|||&#8220; custom_padding__hover=&#8220;|||&#8220;][et_pb_button button_url=&#8220;https:\/\/4texel.e-present.eu\/&#8220; button_text=&#8220;Eshop &#8211; Reklamn\u00e9 predmety&#8220; button_alignment=&#8220;center&#8220; _builder_version=&#8220;4.8.1&#8243; custom_button=&#8220;on&#8220; button_text_size=&#8220;14px&#8220; button_bg_use_color_gradient=&#8220;on&#8220; button_bg_color_gradient_start=&#8220;#f92c8b&#8220; button_bg_color_gradient_end=&#8220;#b02cd6&#8243; button_bg_color_gradient_direction=&#8220;90deg&#8220; button_border_width=&#8220;0px&#8220; button_border_color=&#8220;rgba(0,0,0,0)&#8220; button_border_radius=&#8220;4px&#8220; button_letter_spacing=&#8220;5px&#8220; button_font=&#8220;Roboto|700||on|||||&#8220; background_layout=&#8220;dark&#8220; custom_margin=&#8220;|||&#8220; custom_padding=&#8220;18px|34px|18px|34px|true|true&#8220; box_shadow_style=&#8220;preset3&#8243; box_shadow_vertical=&#8220;20px&#8220; box_shadow_blur=&#8220;30px&#8220; box_shadow_spread=&#8220;-10px&#8220; box_shadow_color=&#8220;rgba(249,44,139,0.4)&#8220; button_letter_spacing_hover=&#8220;5.5px&#8220; button_text_size__hover_enabled=&#8220;off&#8220; button_one_text_size__hover_enabled=&#8220;off&#8220; button_two_text_size__hover_enabled=&#8220;off&#8220; button_text_color__hover_enabled=&#8220;off&#8220; button_one_text_color__hover_enabled=&#8220;off&#8220; button_two_text_color__hover_enabled=&#8220;off&#8220; button_border_width__hover_enabled=&#8220;off&#8220; button_one_border_width__hover_enabled=&#8220;off&#8220; button_two_border_width__hover_enabled=&#8220;off&#8220; button_border_color__hover_enabled=&#8220;off&#8220; button_one_border_color__hover_enabled=&#8220;off&#8220; button_two_border_color__hover_enabled=&#8220;off&#8220; button_border_radius__hover_enabled=&#8220;off&#8220; button_one_border_radius__hover_enabled=&#8220;off&#8220; button_two_border_radius__hover_enabled=&#8220;off&#8220; button_letter_spacing__hover_enabled=&#8220;on&#8220; button_letter_spacing__hover=&#8220;5.5px&#8220; button_one_letter_spacing__hover_enabled=&#8220;off&#8220; button_two_letter_spacing__hover_enabled=&#8220;off&#8220; button_bg_color__hover_enabled=&#8220;off&#8220; button_one_bg_color__hover_enabled=&#8220;off&#8220; button_two_bg_color__hover_enabled=&#8220;off&#8220;][\/et_pb_button][\/et_pb_column][\/et_pb_row][\/et_pb_section]<\/p>\n","protected":false},"excerpt":{"rendered":"<p>Ochrana osobn\u00fdch \u00fadajovI. Z\u00c1KLADN\u00c9 USTANOVENIA &nbsp; 1. Spr\u00e1vcom osobn\u00fdch \u00fadajov pod\u013ea \u010dl. 4 bod 7 nariadenia Eur\u00f3pskeho parlamentu a Rady (EU) 2016\/679 o ochrane fyzick\u00fdch os\u00f4b v s\u00favislosti so spracovan\u00edm osobn\u00fdch \u00fadajov a o vo\u013enom pohybe t\u00fdchto \u00fadajov (\u010falej len: \u201eGDPR\u201d) je 4 texel, s.r.o., I\u010cO:\u00a044425694 so s\u00eddlom M.R.\u0160tef\u00e1nika 3709\/28, 075 01 Trebi\u0161ov, Slovensk\u00e1 republika. [&hellip;]<\/p>\n","protected":false},"author":1,"featured_media":0,"parent":0,"menu_order":0,"comment_status":"closed","ping_status":"closed","template":"","meta":{"_et_pb_use_builder":"on","_et_pb_old_content":"","_et_gb_content_width":"","footnotes":""},"_links":{"self":[{"href":"https:\/\/www.4texel.sk\/index.php?rest_route=\/wp\/v2\/pages\/20888"}],"collection":[{"href":"https:\/\/www.4texel.sk\/index.php?rest_route=\/wp\/v2\/pages"}],"about":[{"href":"https:\/\/www.4texel.sk\/index.php?rest_route=\/wp\/v2\/types\/page"}],"author":[{"embeddable":true,"href":"https:\/\/www.4texel.sk\/index.php?rest_route=\/wp\/v2\/users\/1"}],"replies":[{"embeddable":true,"href":"https:\/\/www.4texel.sk\/index.php?rest_route=%2Fwp%2Fv2%2Fcomments&post=20888"}],"version-history":[{"count":2,"href":"https:\/\/www.4texel.sk\/index.php?rest_route=\/wp\/v2\/pages\/20888\/revisions"}],"predecessor-version":[{"id":20891,"href":"https:\/\/www.4texel.sk\/index.php?rest_route=\/wp\/v2\/pages\/20888\/revisions\/20891"}],"wp:attachment":[{"href":"https:\/\/www.4texel.sk\/index.php?rest_route=%2Fwp%2Fv2%2Fmedia&parent=20888"}],"curies":[{"name":"wp","href":"https:\/\/api.w.org\/{rel}","templated":true}]}}